{"id":3837,"date":"2026-03-09T20:57:56","date_gmt":"2026-03-09T19:57:56","guid":{"rendered":"https:\/\/shineza.org\/?page_id=3837"},"modified":"2026-03-09T20:57:57","modified_gmt":"2026-03-09T19:57:57","slug":"servicios","status":"publish","type":"page","link":"https:\/\/shineza.org\/index.php\/es\/servicios\/","title":{"rendered":"Servicios"},"content":{"rendered":"\n<h2 class=\"wp-block-heading\">SOURCING HUB<\/h2>\n\n\n\n<div style=\"height:45px\" aria-hidden=\"true\" class=\"wp-block-spacer\"><\/div>\n\n\n\n<div class=\"wp-block-media-text has-media-on-the-right is-stacked-on-mobile\" style=\"grid-template-columns:auto 42%\"><div class=\"wp-block-media-text__content\">\n<h3 class=\"wp-block-heading\" style=\"margin-top:var(--wp--preset--spacing--30);margin-bottom:var(--wp--preset--spacing--30);line-height:1.5\">Confirmaci\u00f3n de fabricante<\/h3>\n\n\n\n<p style=\"line-height:1.5\">Trabajar directamente con fabricantes chinos ofrece un mejor control de calidad y costos m\u00e1s bajos, pero es dif\u00edcil confirmar que no est\u00e1s tratando con un intermediario (trader). Shineza verifica las identidades y los canales de comunicaci\u00f3n para que conectes con la f\u00e1brica real, evitando precios m\u00e1s altos y menor flexibilidad.<\/p>\n\n\n\n<div style=\"height:20px\" aria-hidden=\"true\" class=\"wp-block-spacer\"><\/div>\n\n\n\n<h3 class=\"wp-block-heading\" style=\"margin-top:var(--wp--preset--spacing--30);margin-bottom:var(--wp--preset--spacing--30);line-height:1.5\">Acuerdo General de Compra<\/h3>\n\n\n\n<p style=\"line-height:1.5\">Nunca realices un pedido sin un s\u00f3lido Acuerdo General de Compra biling\u00fce, firmado y debidamente sellado conforme a la ley china. Proporcionamos plantillas actualizadas o versiones personalizadas que cubren especificaciones, plazos de entrega, precios, inspecciones de calidad, pagos seguros y confidencialidad, reduciendo malentendidos, disputas y riesgos.<\/p>\n<\/div><figure class=\"wp-block-media-text__media\"><img fetchpriority=\"high\" decoding=\"async\" width=\"1024\" height=\"682\" src=\"https:\/\/shineza.org\/wp-content\/uploads\/2024\/06\/pexels-pixabay-327540-1024x682.jpg\" alt=\"\" class=\"wp-image-2500 size-full\" srcset=\"https:\/\/shineza.org\/wp-content\/uploads\/2024\/06\/pexels-pixabay-327540-1024x682.jpg 1024w, https:\/\/shineza.org\/wp-content\/uploads\/2024\/06\/pexels-pixabay-327540-300x200.jpg 300w, https:\/\/shineza.org\/wp-content\/uploads\/2024\/06\/pexels-pixabay-327540-768x511.jpg 768w, https:\/\/shineza.org\/wp-content\/uploads\/2024\/06\/pexels-pixabay-327540-1536x1022.jpg 1536w, https:\/\/shineza.org\/wp-content\/uploads\/2024\/06\/pexels-pixabay-327540-2048x1363.jpg 2048w\" sizes=\"(max-width: 1024px) 100vw, 1024px\" \/><\/figure><\/div>\n\n\n\n<div style=\"height:20px\" aria-hidden=\"true\" class=\"wp-block-spacer\"><\/div>\n\n\n\n<div class=\"wp-block-media-text is-stacked-on-mobile\" style=\"grid-template-columns:43% auto\"><figure class=\"wp-block-media-text__media\"><img decoding=\"async\" width=\"1024\" height=\"683\" src=\"https:\/\/shineza.org\/wp-content\/uploads\/2024\/06\/pexels-karolina-grabowska-7876050-1024x683.webp\" alt=\"How to resolve a trade dispute with a Chinese supplier\" class=\"wp-image-2778 size-full\"\/><\/figure><div class=\"wp-block-media-text__content\">\n<h3 class=\"wp-block-heading\" style=\"margin-top:var(--wp--preset--spacing--30);margin-bottom:var(--wp--preset--spacing--30);line-height:1\">Contratos \/ Memorandos de Entendimiento (MOU\u2019s)<\/h3>\n\n\n\n<div class=\"wp-block-group is-nowrap is-layout-flex wp-container-core-group-is-layout-6c531013 wp-block-group-is-layout-flex\">\n<p style=\"line-height:1.5\">Comienza con un Memorando de Entendimiento (MOU) no vinculante para alinear los t\u00e9rminos clave antes de finalizar. Posteriormente, asegura contratos vinculantes (OEM, Distribuci\u00f3n, Control de Calidad) que detallen especificaciones, precios, plazos, derechos de propiedad intelectual y resoluci\u00f3n de disputas, garantizando claridad, protecci\u00f3n legal y recursos si algo sale mal.<\/p>\n<\/div>\n\n\n\n<div style=\"height:20px\" aria-hidden=\"true\" class=\"wp-block-spacer\"><\/div>\n\n\n\n<h3 class=\"wp-block-heading\" style=\"margin-top:var(--wp--preset--spacing--30);margin-bottom:var(--wp--preset--spacing--30);line-height:1\">B\u00fasqueda de Registro Empresarial<\/h3>\n\n\n\n<p style=\"line-height:1.5\">\u00bfTienes dudas sobre la legitimidad de un proveedor? Verificamos los registros oficiales chinos para confirmar si un fabricante o intermediario est\u00e1 debidamente registrado \u2014o incluso si existe\u2014, ayud\u00e1ndote a evitar estafas y p\u00e9rdidas financieras importantes desde el principio.<\/p>\n<\/div><\/div>\n\n\n\n<ol class=\"wp-block-list\">\n<li><\/li>\n<\/ol>\n\n\n\n<div style=\"height:100px\" aria-hidden=\"true\" class=\"wp-block-spacer\"><\/div>\n\n\n\n<h2 class=\"wp-block-heading\">PROPIEDAD INTELECTUAL<\/h2>\n\n\n\n<div style=\"height:45px\" aria-hidden=\"true\" class=\"wp-block-spacer\"><\/div>\n\n\n\n<div class=\"wp-block-media-text has-media-on-the-right is-stacked-on-mobile\" style=\"grid-template-columns:auto 43%\"><div class=\"wp-block-media-text__content\">\n<h3 class=\"wp-block-heading\" style=\"margin-top:var(--wp--preset--spacing--30);margin-bottom:var(--wp--preset--spacing--30);line-height:1.5\">Acuerdos NNN: No Uso \/ No Divulgaci\u00f3n \/ No Circunvenci\u00f3n<\/h3>\n\n\n\n<p style=\"line-height:1.5\">Protege tus ideas, dise\u00f1os y lista de clientes en China con un s\u00f3lido Acuerdo NNN, mucho m\u00e1s completo que un NDA est\u00e1ndar. Impide que el fabricante use, comparta o te circunvente para vender directamente a tus clientes.<\/p>\n\n\n\n<div style=\"height:20px\" aria-hidden=\"true\" class=\"wp-block-spacer\"><\/div>\n\n\n\n<h3 class=\"wp-block-heading\" style=\"margin-top:var(--wp--preset--spacing--30);margin-bottom:var(--wp--preset--spacing--30);line-height:1.5\">Marca (Trademark)<\/h3>\n\n\n\n<p style=\"line-height:1.5\">China opera bajo un sistema estricto de primero en registrar (first-to-file): registra r\u00e1pidamente el nombre de tu marca y logo para asegurar derechos exclusivos. Shineza gestiona el cribado completo (variantes en ingl\u00e9s y chino), la solicitud y el registro; el proceso tarda de 3 a 6 meses, y la protecci\u00f3n es vulnerable despu\u00e9s de 3 a\u00f1os de no uso.<\/p>\n<\/div><figure class=\"wp-block-media-text__media\"><img decoding=\"async\" width=\"984\" height=\"1024\" src=\"https:\/\/shineza.org\/wp-content\/uploads\/2024\/06\/man-woman-shaking-hands-997402-984x1024.jpg\" alt=\"Verify Chinese manufacturer authenticity\" class=\"wp-image-2670 size-full\" srcset=\"https:\/\/shineza.org\/wp-content\/uploads\/2024\/06\/man-woman-shaking-hands-997402-984x1024.jpg 984w, https:\/\/shineza.org\/wp-content\/uploads\/2024\/06\/man-woman-shaking-hands-997402-288x300.jpg 288w, https:\/\/shineza.org\/wp-content\/uploads\/2024\/06\/man-woman-shaking-hands-997402-768x799.jpg 768w, https:\/\/shineza.org\/wp-content\/uploads\/2024\/06\/man-woman-shaking-hands-997402.jpg 1230w\" sizes=\"(max-width: 984px) 100vw, 984px\" \/><\/figure><\/div>\n\n\n\n<div style=\"height:20px\" aria-hidden=\"true\" class=\"wp-block-spacer\"><\/div>\n\n\n\n<div class=\"wp-block-media-text is-stacked-on-mobile\"><figure class=\"wp-block-media-text__media\"><img loading=\"lazy\" decoding=\"async\" width=\"1024\" height=\"682\" src=\"https:\/\/shineza.org\/wp-content\/uploads\/2024\/07\/pexels-photo-5425648-5425648-1024x682.jpg\" alt=\"pexels-photo-5425648-5425648.jpg\" class=\"wp-image-3092 size-full\" srcset=\"https:\/\/shineza.org\/wp-content\/uploads\/2024\/07\/pexels-photo-5425648-5425648-1024x682.jpg 1024w, https:\/\/shineza.org\/wp-content\/uploads\/2024\/07\/pexels-photo-5425648-5425648-300x200.jpg 300w, https:\/\/shineza.org\/wp-content\/uploads\/2024\/07\/pexels-photo-5425648-5425648-768x512.jpg 768w, https:\/\/shineza.org\/wp-content\/uploads\/2024\/07\/pexels-photo-5425648-5425648.jpg 1280w\" sizes=\"(max-width: 1024px) 100vw, 1024px\" \/><\/figure><div class=\"wp-block-media-text__content\">\n<h3 class=\"wp-block-heading\" style=\"margin-top:var(--wp--preset--spacing--30);margin-bottom:var(--wp--preset--spacing--30);line-height:1.5\">Patente<\/h3>\n\n\n\n<p>Asegura derechos exclusivos sobre tus invenciones, mejoras o dise\u00f1os en China. Te asistimos con patentes de invenci\u00f3n (soluciones t\u00e9cnicas), modelos de utilidad (estructura\/forma del producto) y patentes de dise\u00f1o, impidiendo que otros fabriquen, usen o vendan tu innovaci\u00f3n.<\/p>\n\n\n\n<div style=\"height:20px\" aria-hidden=\"true\" class=\"wp-block-spacer\"><\/div>\n\n\n\n<h3 class=\"wp-block-heading\" style=\"margin-top:var(--wp--preset--spacing--30);margin-bottom:var(--wp--preset--spacing--30);line-height:1.5\">Derechos de Autor<\/h3>\n\n\n\n<p>Protege obras creativas originales (arte, dise\u00f1os, c\u00f3digo de software, manuales) mediante el registro de derechos de autor en China. Otorga derechos exclusivos para copiar, distribuir y adaptar tu expresi\u00f3n de ideas, esencial para la marca y los materiales de producto.<\/p>\n<\/div><\/div>\n\n\n\n<div style=\"height:100px\" aria-hidden=\"true\" class=\"wp-block-spacer\"><\/div>\n\n\n\n<h2 class=\"wp-block-heading\">DISPUTA COMERCIAL<\/h2>\n\n\n\n<div style=\"height:45px\" aria-hidden=\"true\" class=\"wp-block-spacer\"><\/div>\n\n\n\n<div class=\"wp-block-media-text has-media-on-the-right is-stacked-on-mobile\" style=\"grid-template-columns:auto 35%\"><div class=\"wp-block-media-text__content\">\n<h3 class=\"wp-block-heading\" style=\"margin-top:var(--wp--preset--spacing--30);margin-bottom:var(--wp--preset--spacing--30);line-height:1.5\">Evaluaci\u00f3n de Disputa<\/h3>\n\n\n\n<p style=\"line-height:1.5\">\u00bfLa comunicaci\u00f3n con tu proveedor chino se ha roto? Env\u00edanos tus contratos y detalles: evaluamos r\u00e1pidamente la situaci\u00f3n, estimamos las probabilidades de reabrir el di\u00e1logo y te asesoramos sobre los pr\u00f3ximos pasos. Este es uno de nuestros servicios m\u00e1s solicitados en problemas de comercio con China.<\/p>\n\n\n\n<div style=\"height:20px\" aria-hidden=\"true\" class=\"wp-block-spacer\"><\/div>\n\n\n\n<h3 class=\"wp-block-heading\" style=\"margin-top:var(--wp--preset--spacing--30);margin-bottom:var(--wp--preset--spacing--30)\">Carta de Requerimiento<\/h3>\n\n\n\n<p style=\"line-height:1.5\">Una carta de requerimiento formal redactada por abogados afirma tus derechos, exige cumplimiento o reembolso, y a menudo reinicia la comunicaci\u00f3n o un acuerdo. Es un paso inicial de bajo costo en casos de incumplimiento contractual o fraude, cumpliendo con los requisitos previos de conciliaci\u00f3n judicial y revelando las defensas de la otra parte.<\/p>\n\n\n\n<div style=\"height:20px\" aria-hidden=\"true\" class=\"wp-block-spacer\"><\/div>\n\n\n\n<h3 class=\"wp-block-heading\" style=\"margin-top:var(--wp--preset--spacing--30);margin-bottom:var(--wp--preset--spacing--30)\">Litigio<\/h3>\n\n\n\n<p style=\"line-height:1.5\">Cuando la negociaci\u00f3n falla, gestionamos disputas en tribunales chinos, cubriendo infracciones de propiedad intelectual (falsificaciones, uso no autorizado) o incumplimientos contractuales (mercanc\u00edas de calidad inferior, retrasos). Los servicios incluyen revisi\u00f3n de pruebas, intentos de mediaci\u00f3n prelitigiosa, presentaci\u00f3n de la demanda, representaci\u00f3n y ejecuci\u00f3n de sentencias.<\/p>\n<\/div><figure class=\"wp-block-media-text__media\"><img loading=\"lazy\" decoding=\"async\" width=\"1024\" height=\"681\" src=\"https:\/\/shineza.org\/wp-content\/uploads\/2024\/06\/pexels-pixabay-48148-1024x681.webp\" alt=\"Signature applied on legal documents \u2013 China trademark search\" class=\"wp-image-2780 size-full\" srcset=\"https:\/\/shineza.org\/wp-content\/uploads\/2024\/06\/pexels-pixabay-48148-1024x681.webp 1024w, https:\/\/shineza.org\/wp-content\/uploads\/2024\/06\/pexels-pixabay-48148-300x199.webp 300w, https:\/\/shineza.org\/wp-content\/uploads\/2024\/06\/pexels-pixabay-48148-768x511.webp 768w, https:\/\/shineza.org\/wp-content\/uploads\/2024\/06\/pexels-pixabay-48148-1536x1021.webp 1536w, https:\/\/shineza.org\/wp-content\/uploads\/2024\/06\/pexels-pixabay-48148.webp 1955w\" sizes=\"(max-width: 1024px) 100vw, 1024px\" \/><\/figure><\/div>\n\n\n\n<div style=\"height:48px\" aria-hidden=\"true\" class=\"wp-block-spacer\"><\/div>\n","protected":false},"excerpt":{"rendered":"<p>SOURCING HUB PROPIEDAD INTELECTUAL DISPUTA COMERCIAL<\/p>\n","protected":false},"author":1,"featured_media":0,"parent":0,"menu_order":0,"comment_status":"closed","ping_status":"closed","template":"","meta":{"_uf_show_specific_survey":0,"_uf_disable_surveys":false,"site-sidebar-layout":"default","site-content-layout":"","ast-site-content-layout":"default","site-content-style":"default","site-sidebar-style":"default","ast-global-header-display":"","ast-banner-title-visibility":"","ast-main-header-display":"","ast-hfb-above-header-display":"","ast-hfb-below-header-display":"","ast-hfb-mobile-header-display":"","site-post-title":"disabled","ast-breadcrumbs-content":"","ast-featured-img":"","footer-sml-layout":"","ast-disable-related-posts":"","theme-transparent-header-meta":"","adv-header-id-meta":"","stick-header-meta":"","header-above-stick-meta":"","header-main-stick-meta":"","header-below-stick-meta":"","astra-migrate-meta-layouts":"set","ast-page-background-enabled":"default","ast-page-background-meta":{"desktop":{"background-color":"var(--ast-global-color-4)","background-image":"","background-repeat":"repeat","background-position":"center center","background-size":"auto","background-attachment":"scroll","background-type":"","background-media":"","overlay-type":"","overlay-color":"","overlay-opacity":"","overlay-gradient":""},"tablet":{"background-color":"","background-image":"","background-repeat":"repeat","background-position":"center center","background-size":"auto","background-attachment":"scroll","background-type":"","background-media":"","overlay-type":"","overlay-color":"","overlay-opacity":"","overlay-gradient":""},"mobile":{"background-color":"","background-image":"","background-repeat":"repeat","background-position":"center center","background-size":"auto","background-attachment":"scroll","background-type":"","background-media":"","overlay-type":"","overlay-color":"","overlay-opacity":"","overlay-gradient":""}},"ast-content-background-meta":{"desktop":{"background-color":"var(--ast-global-color-5)","background-image":"","background-repeat":"repeat","background-position":"center center","background-size":"auto","background-attachment":"scroll","background-type":"","background-media":"","overlay-type":"","overlay-color":"","overlay-opacity":"","overlay-gradient":""},"tablet":{"background-color":"var(--ast-global-color-5)","background-image":"","background-repeat":"repeat","background-position":"center center","background-size":"auto","background-attachment":"scroll","background-type":"","background-media":"","overlay-type":"","overlay-color":"","overlay-opacity":"","overlay-gradient":""},"mobile":{"background-color":"var(--ast-global-color-5)","background-image":"","background-repeat":"repeat","background-position":"center center","background-size":"auto","background-attachment":"scroll","background-type":"","background-media":"","overlay-type":"","overlay-color":"","overlay-opacity":"","overlay-gradient":""}},"footnotes":""},"class_list":["post-3837","page","type-page","status-publish","hentry"],"aioseo_notices":[],"_links":{"self":[{"href":"https:\/\/shineza.org\/index.php\/wp-json\/wp\/v2\/pages\/3837","targetHints":{"allow":["GET"]}}],"collection":[{"href":"https:\/\/shineza.org\/index.php\/wp-json\/wp\/v2\/pages"}],"about":[{"href":"https:\/\/shineza.org\/index.php\/wp-json\/wp\/v2\/types\/page"}],"author":[{"embeddable":true,"href":"https:\/\/shineza.org\/index.php\/wp-json\/wp\/v2\/users\/1"}],"replies":[{"embeddable":true,"href":"https:\/\/shineza.org\/index.php\/wp-json\/wp\/v2\/comments?post=3837"}],"version-history":[{"count":1,"href":"https:\/\/shineza.org\/index.php\/wp-json\/wp\/v2\/pages\/3837\/revisions"}],"predecessor-version":[{"id":3838,"href":"https:\/\/shineza.org\/index.php\/wp-json\/wp\/v2\/pages\/3837\/revisions\/3838"}],"wp:attachment":[{"href":"https:\/\/shineza.org\/index.php\/wp-json\/wp\/v2\/media?parent=3837"}],"curies":[{"name":"wp","href":"https:\/\/api.w.org\/{rel}","templated":true}]}}